 1 + 3 = 0. Suppose -f*k = -0*c - 2*c - m, -3*k + 371 = 2*c. Is k prime?
True
Let j(a) = a**3 - 2*a**2 - a - 3. Let l be j(3). Let v(t) = 2*t**2 + 5*t + 2*t**3 + 2*t**2 + 0*t**3 - 7*t**3 + l. Is v(-3) a prime number?
False
Let t(i) = -i**2 - 3*i + 14. Let h be t(-7). Is (h + 0)*(-69)/6 a prime number?
False
Let z = -334 + 587. Is z a composite number?
True
Let t(l) = 1252*l - 41. Let v(s) = -s**2 + 18*s + 23. Let p be v(19). Is t(p) composite?
False
Let j(m) be the second derivative of 49*m**4/3 - 3*m**2/2 - 15*m. Is j(-2) a prime number?
False
Let w = -21 - -34. Suppose 0 = 3*q - 4*l - w, -8 = -2*q + 5*l + 3. Suppose -q*d = -3*p - 213 - 255, 5*d - 783 = 2*p. Is d composite?
False
Suppose -h = 8*i - 3*i - 1450, h = 3*i - 870. Let s = 203 + i. Is s prime?
False
Suppose -3 = -q, 3*s + 3*q = 21 - 3. Suppose -s*c + 5*c - 1406 = 0. Is c a composite number?
True
Suppose 3*z - 16 = 5. Suppose 3935 = -z*k + 12*k. Is k a prime number?
True
Suppose 0 = 6*b - b - 1055. Is b*(0 - 2 - -3) prime?
True
Suppose -5*x = -0*x + 5*z - 2520, 1010 = 2*x + 4*z. Is x a prime number?
True
Is (-6 - -2)/8*-22394 prime?
True
Let l be -4*(-5)/60*0. Suppose 2*h + 2*z - 518 = l, 3*h + 3*z + 508 = 5*h. Is h a composite number?
False
Is 7/14*-123932*2/(-4) a composite number?
False
Let d(k) = -4*k - 18. Let i be d(-5). Suppose 0*t + 30 = i*t. Is 3076/(-6)*t/(-10) composite?
False
Suppose y - 2*x = 5149, 5*y - 3*x = -2*x + 25736. Is y composite?
False
Let h(y) = -39*y + 6. Let b(z) = 116*z - 19. Let p(v) = 2*b(v) + 7*h(v). Suppose -5*c - 8 - 7 = 0. Is p(c) a prime number?
True
Let y = 48 - 48. Suppose 5*t = -3*u + 4084, 2*t + 5 - 3 = y. Is u composite?
True
Let x(u) = -u + 8*u - 6*u - 3*u - 1 + 542*u**2. Is x(-1) a prime number?
False
Let j = -391 - -570. Suppose 101 = -5*m - j. Let z = m - -215. Is z a prime number?
False
Suppose -3*m + 1717 + 989 = 0. Let k = m - -357. Is k a composite number?
False
Let t = -4335 + 8436. Is t composite?
True
Let m(h) = -2*h**3 + 4*h**2 - 9*h**2 + 3*h - h**3 + 2. Is m(-5) prime?
False
Suppose 35*j - 894799 = -18*j. Is j composite?
False
Suppose 0 = 52*j - 47*j - 3*t - 32347, -5*t = -j + 6487. Is j prime?
False
Suppose 3*x - 1358 = -3*v + 1225, v - 849 = -4*x. Is v prime?
False
Let n(g) = 20 + g - 3*g**2 - 10 - 9 + 3*g**3. Let h(p) = 2*p - 4. Let c be h(3). Is n(c) a prime number?
False
Let s(c) = 2*c**2 + 37*c + 148. Is s(-31) composite?
True
Is (6/(-18))/(3/(-225999)) prime?
True
Suppose -5*t + 18 - 53 = 0. Let y = -5 - t. Suppose -48 = y*o - 182. Is o composite?
False
Let a(v) be the first derivative of -v**4/4 + 17*v**3/3 - 11*v**2/2 + 3*v + 9. Is a(16) a prime number?
True
Let r = 7 - -3. Suppose -w - 4*w = -r. Is 1292/6 - w/6 composite?
True
Let c(b) = -b**3 + 3*b**2 - 2*b - 4*b**2 + 4*b**2 - 3*b - 11. Is c(-5) a prime number?
False
Suppose 9*s - 5*s - 656 = 0. Let f(h) = h**3 + 19*h**2 + 18*h - 3. Let i be f(-18). Is s/3 + (-1)/i a prime number?
False
Let s = -28 + 35. Suppose 889 = 5*c + 2*b, -s - 5 = 4*b. Is c a composite number?
False
Let n(q) = q**3 + 5*q**2 + 3*q + 10. Let y be n(-4). Let o be y/6 + (-1)/3. Is (215 - o) + (0 - 2) prime?
True
Is 48309/5 - 3/(-30)*-8 composite?
False
Suppose -42*w = -48*w + 17358. Is w prime?
False
Let f be (-1455)/6*(-8)/5. Let r be 2*(-1)/2*-231. Let c = f - r. Is c a composite number?
False
Let l be 0 + -2 + (2246 - -7) + 0. Suppose 3*c - 4*m - l + 482 = 0, -5*c - 2*m + 2905 = 0. Is c a composite number?
True
Let f be ((-90)/(-72))/((-2)/(-24)). Is (-2)/4*-1174*(-14 + f) prime?
True
Let g(x) = -3*x**3 + x**2 - 1. Let u be g(1). Suppose 2*k + 39 = -5*i, 4*k + 0*i + 38 = -2*i. Is u - k*(-2 + 9) prime?
False
Let y(s) = 32*s - 41. Suppose 0 = -n + 10*n - 126. Is y(n) prime?
False
Let a(n) = -n**3 - 15*n**2 + 51*n - 35. Let l be a(-18). Let q(m) be the first derivative of 5*m**2/2 - 16*m + 1. Is q(l) a composite number?
False
Suppose 53019 = 20*i - 101721. Is i a composite number?
True
Let y(q) = 89*q**2 - 11*q - 32. Is y(-7) composite?
True
Let h(t) be the second derivative of -29*t**3/3 - 9*t**2/2 - 30*t. Is h(-7) prime?
True
Let w(y) = -y**3 - 27*y**2 + 18*y + 23. Let k(q) = q**3 + 26*q**2 - 18*q - 23. Let f(a) = 6*k(a) + 5*w(a). Is f(-17) a composite number?
False
Is -14374*(14/4 + -4) a composite number?
False
Is (0 - (7 + -3 + -5))*2221 a composite number?
False
Suppose 2*t + 2 - 6 = -4*y, 2*y + 2*t = 0. Let q be y/(-4) - (-10)/(-4). Is (q - -1)/2*-307 a prime number?
True
Let y be (-8 + (-585)/(-52))/(2/(-56)). Suppose -2*o = -0*o - 496. Let n = o + y. Is n prime?
True
Let y be (0/(-3))/(-2 + 0). Let d = y - -365. Is d a composite number?
True
Suppose 5*g - 3*g = 26. Let j be (-37)/g - (-4)/(-26). Is 3 - (j + 131)*-1 a prime number?
True
Let o be 2/(1/(6/4)). Suppose -5*h + 2115 = 5*r, -o*r - 8 = 4. Is h prime?
False
Let c be 2/(-5) + ((-623928)/(-40))/3. Suppose 8*k - 11*k = -c. Is k prime?
True
Let h(t) = 1727*t + 1156. Is h(26) prime?
False
Let r(c) = -33*c**3 - c + 7. Is r(-3) prime?
False
Let l(k) = 2*k**2 + 3*k + 15. Let r = -9 - -23. Is l(r) composite?
False
Let k be ((-104)/(-4))/((-6)/(-78)). Suppose -k = 5*x - 2313. Is x composite?
True
Let a be ((-12)/(-12))/((-3)/(-76134)). Is (-3)/33 + a/11 a composite number?
True
Let p = -5613 - -8398. Is p prime?
False
Let j = -18 - -21. Suppose s = j*s - 86. Is s prime?
True
Let n be (1/(-1))/1*-3. Suppose 0 = 16*w - 7823 + 1071. Suppose w = -b + n*b. Is b composite?
False
Suppose 49 = -f + 1401. Let q = f + -765. Is q a prime number?
True
Suppose 5*n - 3*t - 70 = 26, 2*n + 4*t = 54. Suppose 3*b + 6 - n = 0. Suppose -b*r + 15 = 5*s, 2*r - 7 = -r - s. Is r composite?
False
Let b be (1/(-2) + -1)*(-16)/6. Suppose b*d = -w + 5*d + 713, 0 = 4*d. Is w a composite number?
True
Let b = -245 - -1384. Is b prime?
False
Suppose -k + 4 = 3*x - 2*k, 0 = 3*x - 5*k + 4. Let q(s) = -3*s + s + 1 + 3*s**x + s + 4*s. Is q(-7) composite?
False
Let k = -3 + 4. Let q be (1 - k)/(-3 + 5). Suppose 2*j - 62 = -q*j. Is j prime?
True
Let o be ((-6)/(-1))/((-12)/1000). Let y = -277 - o. Suppose y = d + 5*p, 3*d + 114 = 4*p + 783. Is d composite?
False
Let w(n) = 5*n**2 + n + 11. Let g(j) = j - 1. Let b be g(-4). Is w(b) a prime number?
True
Let d(r) = 1458*r**3 - 3*r**2 + 9*r - 13. Is d(2) a composite number?
False
Let j be 2/(-9) + 29861/117. Let w(d) = -12*d - 8. Let x be w(-6). Let q = j - x. Is q composite?
False
Let u = -4 + 14. Let w(f) = 4 - 4*f - u + 10*f - 5. Is w(13) a composite number?
False
Suppose 2*l + 2*j = -4*l + 16342, -l = -3*j - 2717. Is l a composite number?
True
Let k = -31 + 29. Is k*(1 + 748/(-8)) composite?
True
Let b(v) = v + 1. Let p be b(-2). Let k(j) = -j**2 - j - 1. Let z be k(p). Is ((-14)/(-6)*-3)/z a composite number?
False
Let a be (-4 + 4)/(1 - 0). Suppose -9*b + 6039 = -a*b. Is b a composite number?
True
Let o(z) = 412*z**3 - 2*z**2 + 4*z - 1. Let h = -93 - -94. Is o(h) a composite number?
True
Suppose 3*f - 2*f - 3 = 0. Let w = -12 + 25. Is w - f/((-6)/4) prime?
False
Let r = -1263 + 1780. Is r prime?
False
Is 66/(-2)*(0 - (-13998)/(-18)) composite?
True
Suppose -h - 2*h + 30 = 3*x, -3*x + 3 = 0. Let v = h - -60. Is v prime?
False
Let l = 7145 - 4496. Let f = l - 1250. Is f prime?
True
Let q = -561 + 385. Let x = 141 - q. Is x composite?
False
Let k = 68 + -92. Is ((-194)/6)/(4/k) a composite number?
True
Let k(a) = -849*a - 161. Is k(-22) a prime number?
True
Suppose -7*g + 7818 = -g. Let l = g + 1834. Is l a composite number?
False
Suppose y - 5872 = -3*y. Suppose -5136 + y = -14*f. Is f prime?
False
Let p(l) = -13*l**3 + 17*l**2 + 8*l + 21. Is p(-7) a composite number?
True
Let j = 35 + -35. Suppose 39 = 3*k - j*k. Suppose 10*b = k*b - 537. Is b prime?
True
Let c = 23 - 26. Is (c/(-12))/(2/4024) a composite number?
False
Suppose 0*c - c + 12 = -3*x, 0 = -2*x - 2*c. Let a = 5 + x. Is 1333 + (a + 2 - 0) a composite number?
True
Suppose 227239 = 27*n - 10*n. Is n a composite number?
False
Suppose -285406 - 584535 = -73*d. Is d prime?
False
Let x = -1528 + 5079. Is x a prime number?
False
Suppose -1 = 2*z - 3*m, 0 = -5*m - 6 + 21. Let h(l) = l**3 + 5*l**2 + 6*l + 2. Let b be h(-1). Suppose 3*s + 106 = -b*a + a, -z*a = -s - 380. Is a composite?
True
Let n(b) = -2*b**2 + 20*b. Let x be n(14). Let c = 386 + x. Is c prime?
False
Let s(i